(55/10)/11?
0
Let j(w) = -2*w**3 - 13*w**2 + 4*w - 11. Let t be j(-7). What is the units digit of 9920/100 - (0 + 2/t)?
9
Let j be (2/(-3))/((-28)/(-42)). What is the hundreds digit of 1153/7 + j*(-8)/28?
1
Let x = -54 - -56. Suppose -5*z = -2*n + 210, 6*z - x*z - 361 = -3*n. What is the tens digit of n?
1
Suppose 10*q - 9*q = -2. What is the tens digit of q/5 - (-374)/10?
3
Let q = 26 - 32. Let v be (-2 - 1) + (-72)/q. Let z = v - -68. What is the tens digit of z?
7
Let s = 27 + -26. What is the tens digit of (620/(-16) - -3)/(s/(-4))?
4
Let j be ((-3)/(-6))/(4/(-24)). Let f be j/6 - 2/(-4). Suppose f*b + 3*b + 3*m = 165, -2*b - 4*m + 100 = 0. What is the units digit of b?
0
Let c(h) = 2*h**2 - 44*h - 6. Let m be c(22). What is the tens digit of 0/((-1)/((-3)/m)) - -51?
5
Let x(o) = -16*o**2 - 12*o - 1. Let t(k) = k**2 - k - 1. Let z(i) = 3*t(i) - x(i). What is the units digit of z(-3)?
2
Let h(d) = -d**2 + 15*d - 19. Suppose -4*j - v = -56, 3 = 4*j - 3*v - 37. What is the units digit of h(j)?
7
Suppose 2 - 7 = 3*r + 5*s, -5*s - 5 = r. Suppose 0 = k - 5*u - 95, 3*k - 243 = -r*k + u. What is the tens digit of k?
8
Suppose -c + 4746 = 4*g - 6*g, -4*g = 4*c - 18984. What is the hundreds digit of c?
7
Suppose -3*k = 3*t - k - 525, -4*k = 2*t - 342. Suppose -4*p + t + 203 = 0. What is the tens digit of p?
9
Let n(c) = c**3 + 6*c**2 - 16*c + 8. Let r be n(-8). Suppose -r*y - 4*i = -7*y - 20, 94 = 3*y - 5*i. What is the units digit of y?
8
Let s = -6 + 12. What is the units digit of 15/(3 + 0)*s?
0
Suppose -2*b + 10 = -0. Suppose b*z = -7*m + 3*m - 10, 4*m + 30 = 5*z. Suppose 0*d + 182 = 4*d - 5*s, z*d - 84 = -s. What is the tens digit of d?
4
Let i = 251 - 29. Suppose 2*o = -5*d + i, -3*d + 5*o + 119 = -8. What is the tens digit of d?
4
Let d = -593 + 904. What is the tens digit of d?
1
Let g = 4183 - 2927. What is the thousands digit of g?
1
Let c = -7 - -41. Let n = -22 + c. Let y(k) = 3*k - 2. What is the tens digit of y(n)?
3
Suppose -2*p + 5*p = 12. Let f(x) = x - 5. Let v be f(p). What is the units digit of v/2 + 10/4?
2
Let z = -4035 - -6861. What is the tens digit of z?
2
What is the units digit of (((-62280)/(-10))/(-9))/(2*-1)?
6
What is the units digit of 904/3*(0 - (-9)/6)?
2
Suppose 3*s = -r + 24, -5*r + 44 = -0*s - 4*s. Let t = -36 + r. Let y = 45 + t. What is the units digit of y?
1
Let l(i) = 22*i**3 - 2*i**2 + i. Let d(m) = -1 - 3*m**2 + 2 + 4*m**2 - 2*m - 6*m. Let n be d(8). What is the units digit of l(n)?
1
Let u(f) = -5*f + 6. Let l(s) = -s**2 - 8*s + 23. Let h be l(-11). What is the units digit of u(h)?
6
Suppose -2*v = -0*v + 10. What is the tens digit of (32/v)/(1/(-5))?
3
What is the units digit of (539 - 6*4/8) + -2?
4
Let b be (-172 + -6)*(-4 + 0). Suppose 0*l - 4*l + b = 0. What is the units digit of l?
8
Suppose 0 = 4*k - 24*o + 28*o - 1816, 3*o + 2230 = 5*k. What is the hundreds digit of k?
4
Let o(q) = 2*q**2 + 3*q + 4. Let d be o(-2). Suppose -d = 3*f + 9. Let v(b) = -7*b - 4. What is the units digit of v(f)?
1
Let y = 357 - -416. What is the hundreds digit of y?
7
Let s(r) = 37*r - 9. What is the units digit of s(7)?
0
Suppose -a - 2 = 16. Let s(q) = -q**3 - 17*q**2 + 20*q + 12. Let d be s(a). Let u = d + 72. What is the units digit of u?
8
Suppose 0*w + 5 = k + w, k = 4*w. Suppose -4*f + 5 = -3*z, -5 = k*z - 0*z - 5*f. What is the units digit of z?
5
Suppose 3*k - 25 = 4*i - 7, -5*i = -k + 17. Suppose -5*w = -4*t - 37, -k*t + 35 = 4*w - 7*t. Suppose 26 + 104 = w*f. What is the tens digit of f?
2
Suppose 0 = 4*w + w + 25. Let i be -1*(-56 - (w - -3)). Suppose -2*d - 2*d + 3*g + i = 0, -4*g = -5*d + 67. What is the tens digit of d?
1
Let q(a) = -a**2 + 6*a + 3. Let v be q(6). Suppose -2*f - 5*t = -10, f + t = -f + 2. Suppose -3*n = z - 47, f*z - 5*z + 67 = v*n. What is the units digit of n?
4
Let w = 380 + -102. What is the tens digit of w?
7
Let w be (6 - 0/(-4)) + 3. Let y = w + 19. Suppose -2*c + o + 0*o = -y, 4*c + 4*o - 44 = 0. What is the units digit of c?
3
Suppose 52 = -5*u + 12. Let q = u + 16. What is the tens digit of 20 - (-4 + q - 2)?
1
Let r = -483 + 1806. What is the hundreds digit of r?
3
Let b = -7 + 17. Let x(g) = g - 1. Let n be x(b). What is the tens digit of ((-18)/4)/(n/(-54))?
2
Let m(i) = 423*i + 530. What is the tens digit of m(3)?
9
Let j = 112 - 43. Suppose -4*y + q = -j, -y - 2*q + 21 = -3*q. What is the units digit of y?
6
Let b(q) = 4*q**2 - 14*q + 14. Suppose -7*l + 83 = 55. What is the units digit of b(l)?
2
Suppose 3*d = -5*s + 23, -d - 3*s = -3 - 2. Suppose 7*a = d*a - 48. What is the tens digit of a?
1
Let i be (4 - 5)/(-1) + 2. Suppose -3*g - 20 = -4*l, -5*l + g = 3*g - 25. Suppose l = -i*b + 38. What is the tens digit of b?
1
Suppose -45 = g - 6*g. Let z = -4 + g. Suppose -4*y - z = -37. What is the units digit of y?
8
Suppose 2*n = 4*j, -2*n = -9*j + 4*j + 3. Suppose 6 + n = 4*h. Suppose p - 68 = -h*p. What is the units digit of p?
7
Suppose 9*j = 4*j. Suppose -10 + j = -5*z. Suppose z*p - 21 = -p. What is the units digit of p?
7
Suppose 0*a + 8 = 2*a. Let b be 9/6*a/6. What is the units digit of 2 - 1/(-1)*b?
3
Let w(j) be the third derivative of -5*j**4/4 + j**3/6 - 7*j**2. What is the tens digit of w(-2)?
6
Let u(q) = 27*q - 41. What is the hundreds digit of u(10)?
2
Suppose 0 = -2*j + 7*j - 1520. What is the tens digit of (13/26)/(1/j)?
5
Let d(f) = f**3 - f**2 - f. Let m be d(0). Suppose 3*x = -m*x + 15, k + x + 14 = 0. Let c = k - -37. What is the tens digit of c?
1
Suppose 2*b - 47 - 113 = 0. Let v be 9/(-15) - 46/(-10). Suppose -v*u - u = -b. What is the units digit of u?
6
Let x(v) be the second derivative of -v**5/20 - v**3/3 + 201*v**2/2 - 14*v. What is the hundreds digit of x(0)?
2
Suppose 22*q - 15*q = 98. What is the units digit of q?
4
Let i(r) = 66*r**3 - r**2 + 7*r - 9. What is the hundreds digit of i(2)?
5
Suppose -6*b + 8*b + 972 = 2*n, 0 = -2*b. What is the hundreds digit of n?
4
Let g = 5 + -3. Let q(b) = -b**3 + 8*b**2 + 11*b - 21. Let u be q(9). What is the tens digit of (u - -13)/(g/8)?
4
What is the hundreds digit of (1 - -2555)/3*4/12?
2
Let g(i) = -i**3 + 16*i**2 - 8*i - 12. Suppose -64 = -5*z - 3*c + 11, -4*z + 60 = 2*c. What is the units digit of g(z)?
3
Let r = 69 - -2. Let i = -120 + r. Let s = 70 + i. What is the units digit of s?
1
Let k = 1211 - -165. What is the units digit of k?
6
Suppose 3*q + q - 4*v = 772, -5*q = 5*v - 935. Suppose -2*f + 22 = -q. What is the tens digit of f?
0
Suppose 2*a - a - 2 = 0. Suppose -4*d = -a*j - j + 40, -56 = -5*j + 4*d. Suppose -4*p + 60 = -j. What is the tens digit of p?
1
Let a = -20 + -28. Let g = a - -28. Let s = g - -26. What is the units digit of s?
6
Suppose 3*a - 5 = -2*m, 4*a = -2*m + 7*m - 47. Suppose 4*f = 4*x - 8, -2*x - 2*x + 5*f = -m. What is the units digit of x?
3
Suppose -3*j - 2*z = 377, 15 = z + 2*z. Let h = j + 251. What is the tens digit of h?
2
Suppose -5*l + c - 575 = 0, 4*l + 3*c - 84 = -544. Let m = -57 - l. What is the tens digit of m?
5
Let y = -28 + 38. What is the units digit of (1/(-3))/(y/(-420))?
4
What is the hundreds digit of 5*1 + 10 + 199 + -6?
2
What is the thousands digit of (-30)/4*13140/(-50)?
1
Suppose -3*j + 2*f - 21 = -4*j, -9 = j - 4*f. Let a = 35 - j. What is the units digit of a?
4
Let m(d) = -d**2 + d + 4. Let f be m(0). Suppose 2*a - 9 = w - 4*w, 2*a - 14 = -f*w. Let h = w + 19. What is the units digit of h?
4
Let z(b) = -b**2 + 23*b + 46. Let d be z(24). Let h = 0 - -23. Let c = h + d. What is the units digit of c?
5
Let p be -2 + (-2 - -3 - -457). Suppose 0 = -5*k + 3*k + p. What is the tens digit of k/16 - 1/4?
1
Suppose 0 = y - 3 - 248. What is the units digit of y?
1
Let n(z) = -7*z - 1. Let c be n(-4). Suppose -c*q + 62 = -26*q. What is the units digit of q?
2
Suppose -336 = 10*s - 13*s. Let u = s + -35. What is the tens digit of u?
7
Let p = -559 - -1853. What is the hundreds digit of p?
2
Let s be (1 - 5)/(-3*(-8)/48). What is the units digit of 2013/44 + 1 + 14/s?
5
Suppose -2*f = 4*w + 1 - 35, 59 = 5*w - 3*f. What is the tens digit of w?
1
Let j(h) = 6*h**3 + 5*h**2 + 3*h - 3. Let z(u) = -7*u**3 - 4*u**2 - 2*u + 3. Let q(n) = 6*j(n) + 5*z(n). What is the units digit of q(-8)?
1
Let b be 6/15 + 1116/10. What is the units digit of (b/(-70))/(2/(-20))?
